late x(-5).
4325
Let u(m) = -3*m**3 + 450*m**2 + 1386*m - 1383. Determine u(153).
-6
Let g(j) = 19*j**3 - 6*j**2 - 63*j + 261. What is g(4)?
1129
Let h(z) = -156*z + 19255. Calculate h(118).
847
Let u(g) = -31*g**2 + 337*g - 691. Calculate u(4).
161
Let o(d) = -d**2 + 41*d + 4233. Give o(-42).
747
Let a(l) = 675*l + 24. Determine a(-1).
-651
Let w(l) = 224512*l - 898037. Give w(4).
11
Let t(n) = -n**3 + 26*n**2 + 31*n - 670. Give t(26).
136
Let u(s) = -155*s**3 + 6*s**2 - 19*s + 6. Determine u(2).
-1248
Let q(n) = n**3 - 9*n**2 - 11*n + 24. Give q(10).
14
Let f(p) = -3*p**3 - 73*p**2 - 45*p - 2423. Give f(-25).
-48
Let j(t) = -t**3 + 176*t**2 - 7335*t - 616. Calculate j(68).
-4
Let o(f) = 4*f**2 - 28*f + 1238. Determine o(0).
1238
Let k(h) = 49*h**2 - 13*h + 875. What is k(0)?
875
Let h(s) = -1539*s + 541708. Determine h(352).
-20
Let y(v) = 44896*v - 179587. Calculate y(4).
-3
Let n(w) = 2*w**2 - 596*w + 7030. What is n(12)?
166
Let w(p) = 3*p**2 + 6994*p - 21011. Determine w(3).
-2
Let x(v) = -9134*v + 1351839. What is x(148)?
7
Let g(f) = 8*f**2 + 255*f + 88. Determine g(-32).
120
Let y(l) = -22*l**2 - 17837*l - 89173. What is y(-5)?
-538
Let z(k) = 3*k**3 - 138*k**2 - 305*k + 14015. Calculate z(46).
-15
Let k(j) = -10*j**3 + 1922*j**2 - 390*j + 1169. Give k(192).
17
Let t(y) = 40*y**2 - 145*y + 119. Give t(1).
14
Let j(d) = -49*d**3 + 1079*d**2 - 80*d + 1282. Calculate j(22).
6
Let p(o) = 105*o**2 - 3007*o - 1067. What is p(29)?
35
Let w(d) = -95*d**2 - 760*d - 2. Give w(-8).
-2
Let j(d) = -2*d**2 - 553*d - 18892. Determine j(-41).
419
Let a(f) = -2*f**3 - 3506*f**2 + 81771*f + 133193. What is a(-1776)?
-7
Let x(z) = -z**3 - 30*z**2 + 6868*z + 211945. Determine x(-31).
-2
Let c(d) = -d**3 + 7*d**2 + 520*d - 4578. What is c(9)?
-60
Let o(w) = 4*w**3 + 51*w**2 - 113*w - 584. Determine o(-14).
18
Let i(z) = 167*z**2 + 6774*z + 6779. What is i(-1)?
172
Let v(s) = 6*s**3 + 60*s**2 - 1499*s - 15007. Determine v(-10).
-17
Let g(v) = -139*v + 1460. Determine g(8).
348
Let f(a) = a**3 - 153*a**2 - 18950*a + 297. Give f(234).
1233
Let r(b) = 14*b**2 - 5171*b - 3402. Calculate r(370).
-72
Let g(x) = 25*x**3 + 6*x**2 + x - 9. Give g(0).
-9
Let l(p) = 4*p**3 + 475*p**2 - 8626*p + 26. Give l(16).
-6
Let s(z) = -181*z**3 + 1992*z**2 + 2020*z + 29. Calculate s(-1).
182
Let v(g) = 489516*g + 1468556. Calculate v(-3).
8
Let d(z) = -1038*z - 33265. Determine d(-32).
-49
Let p(l) = -1459*l - 11588. Determine p(-8).
84
Let o(b) = 5*b**2 + 287*b + 2550. What is o(-10)?
180
Let v(c) = 393649*c - 3149198. Give v(8).
-6
Let n(k) = -2*k**3 - 84*k**2 - 851*k + 1009. Give n(-22).
371
Let w(i) = -i**2 + 268*i + 6665. What is w(291)?
-28
Let s(n) = -n**2 + 1208808*n - 4835209. Give s(4).
7
Let g(q) = 2*q**3 - 66*q**2 + 409*q + 2283. Give g(22).
633
Let r(l) = -28295*l - 480594. Calculate r(-17).
421
Let a(j) = -j**3 + 177*j**2 + 1289*j - 1081. Determine a(184).
-897
Let s(d) = 14*d**2 - 4130*d + 16292. Determine s(4).
-4
Let s(b) = b**2 - 7578*b + 90788. Calculate s(12).
-4
Let b(h) = -h**2 - 1021*h - 41696. Calculate b(-42).
-578
Let t(w) = -4*w**2 + 3964*w - 50868. Calculate t(13).
-12
Let h(w) = 20547*w + 41510. Determine h(-2).
416
Let n(j) = -409*j - 4344. Calculate n(-11).
155
Let g(b) = 1312*b - 1984. What is g(5)?
4576
Let k(y) = -3576*y + 14300. Give k(4).
-4
Let x(u) = -16*u**2 - 107*u + 12056. Determine x(-31).
-3
Let a(u) = 4*u**2 - 4046*u - 28335. Give a(-7).
183
Let g(m) = -30940*m + 12685401. Calculate g(410).
1
Let t(y) = y**3 - 68*y**2 + 351*y + 21. Determine t(7).
-511
Let n(s) = 118252*s - 3192806. Determine n(27).
-2
Let u(d) = 8486*d - 84860. Calculate u(10).
0
Let y(n) = 26*n**3 - n**2 - 1233*n - 2455. Determine y(-2).
-201
Let n(z) = 8*z**2 + 44*z + 692. Calculate n(-15).
1832
Let j(b) = -302*b + 5194. Calculate j(16).
362
Let i(q) = -5047*q + 116088. Give i(23).
7
Let y(w) = -11*w**2 - 103*w + 983. Calculate y(0).
983
Let o(k) = -k**3 + 127*k**2 - 3829*k + 2928. What is o(79)?
5
Let p(r) = 2301*r + 48192. Calculate p(-21).
-129
Let t(y) = 2*y**3 + 551*y**2 + 162*y - 31072. Give t(-275).
3
Let s(f) = -448*f + 92340. Determine s(206).
52
Let j(s) = s**2 + 48*s + 645. Determine j(-12).
213
Let y(l) = -28*l + 86. Give y(-1).
114
Let t(q) = -2*q**3 - 199*q**2 + 3181*q + 6. Give t(14).
48
Let l(i) = i**2 - 1419*i - 282490. Give l(-177).
2
Let x(j) = 5*j**2 - 4*j - 387. What is x(-16)?
957
Let i(k) = -1978*k - 2574. Give i(0).
-2574
Let a(q) = 2705*q - 52291. Determine a(19).
-896
Let z(s) = -6*s**2 - 1374*s - 9330. Calculate z(-222).
-6
Let m(v) = -2*v**3 - 647*v**2 - 11846*v + 3028. What is m(-304)?
-12
Let n(s) = 2923*s + 400522. Determine n(-137).
71
Let z(i) = -1841*i - 1240. Calculate z(0).
-1240
Let d(m) = -m**2 - 27569*m + 17361964. Calculate d(616).
4
Let q(b) = -3402*b + 401177. Calculate q(118).
-259
Let v(i) = -2*i**2 + 125*i + 7204. What is v(99)?
-23
Let b(r) = -1081*r**2 - 143774*r - 79. Calculate b(-133).
54
Let b(h) = -h**3 + 134*h**2 - 799*h + 3907. Give b(128).
-61
Let m(u) = 47*u**3 + 2867*u**2 - 40*u - 2573. Calculate m(-61).
-133
Let g(y) = -315*y + 590. Determine g(3).
-355
Let s(h) = 21*h**2 + 373*h + 357. What is s(-14)?
-749
Let z(y) = 116923*y - 7249232. Calculate z(62).
-6
Let v(a) = -1471*a - 13250. Calculate v(-9).
-11
Let h(g) = -g**3 + 3*g**2 + 147*g - 36. Calculate h(14).
-134
Let r(y) = -546*y**2 + 489*y + 1. Calculate r(1).
-56
Let t(v) = 29232*v - 5934110. What is t(203)?
-14
Let w(c) = 9046*c - 1058426. What is w(117)?
-44
Let i(l) = l**3 - 20*l**2 - 345*l - 1227. Give i(32).
21
Let x(u) = -u**3 - 555*u**2 - 1656*u + 10. Give x(-3).
10
Let k(o) = -o**3 + 13*o**2 - 30*o - 200. What is k(14)?
-816
Let m(v) = 6*v**3 + 171*v**2 - 67*v + 40. What is m(-29)?
-540
Let u(x) = x**2 - 234*x - 25771. Give u(-82).
141
Let w(v) = 6*v**2 + 3197*v - 25646. Determine w(8).
314
Let g(w) = 6735*w - 2653728. Determine g(394).
-138
Let u(n) = -n**3 + 58*n**2 - 436*n - 155. Give u(49).
90
Let q(r) = -53541*r + 3105346. Give q(58).
-32
Let r(g) = 5838*g + 1132584. What is r(-194)?
12
Let v(j) = -4*j**3 - 7*j**2 - 711*j - 704. Determine v(-1).
4
Let h(o) = -125*o**2 - 30702*o - 18863. Give h(-245).
2
Let s(n) = -251*n**3 + 2*n**2 - 2*n - 12. What is s(-2)?
2008
Let n(m) = -2*m**2 - 1744*m - 68097. Determine n(-41).
45
Let m(y) = 109397*y - 218744. Calculate m(2).
50
Let z(b) = -17*b**2 - 140*b - 282. What is z(-4)?
6
Let y(c) = 864*c**2 - 553824*c + 8. Determine y(641).
8
Let g(i) = -6*i**3 - 108*i**2 - 98*i - 1728. Calculate g(-18).
36
Let a(i) = i**2 - 8845*i - 334. Calculate a(0).
-334
Let h(b) = -b**3 + 101*b**2 + 253*b - 4780. Determine h(103).
61
Let h(s) = 475*s + 9197. Give h(-22).
-1253
Let p(y) = -8*y**2 + 145*y - 119. Give p(10).
531
Let x(k) = k**2 - 470273*k + 1410817. What is x(3)?
7
Let l(q) = -71*q**2 + 119*q - 4. What is l(-4)?
-1616
Let x(l) = l**3 - 6*l**2 - 38*l + 167. What is x(6)?
-61
Let f(h) = -11*h**2 + 136*h - 20. Calculate f(-10).
-2480
Let j(n) = 15*n**3 - 496*n**2 + 215*n - 6010. Calculate j(33).
-4
Let y(l) = 2075*l + 18706. What is y(-9)?
31
Let s(v) = -460*v + 18189. What is s(44)?
-2051
Let m(t) = t**3 + 79*t**2 + 1525*t + 81. Give m(-33).
-150
Let f(m) = -3*m**3 + 33*m**2 - 104*m + 1548. Give f(14).
-1672
Let b(r) = 14*r**3 + 3*r**2 + 34*r + 53. Determine b(-3).
-400
Let x(r) = 2271*r - 204402. Give x(90).
-12
Let p(w) = -992*w - 19695. What is p(-20)?
145
Let b(v) = v**2 - 511*v + 40812. What is b(99)?
24
Let t(a) = -230*a + 15586. What is t(81)?
-3044
Let w(i) = i**3 - 23*i**2 + 658*i - 11949. Calculate w(20).
11
Let c(t) = -t**3 + 11*t**2 + 29*t - 204. Calculate c(5).
91
Let d(f) = -6*f**2 + 661*f - 466. Give d(109).
297
Let p(a) = -a**3 - 60*a**2 + 310*a - 660. Determine p(-65).
315
Let o(y) = 766*y + 17531. What is o(-23)?
-87
Let r(g) = 2*g**3 + 30*g**2 - 1389*g - 3379. What is r(-34)?
-81
Let i(s) = s**3 - 49*s**2 + 35*s - 1719. What is i(49)?
-4
Let t(p) = p**2 - 112*p - 164994. Give t(466).
-30
Let r(w) = -2*w**3 - 16*w**2 - 3020*w - 27361. Calculate r(-9).
-19
Let k(m) = -6*m**2 - 126*m + 141. What is k(-22)?
9
Let x(f) = -350*f**2 + 141*f - 118. Determine x(1).
-327
Let u(m) = 34*m**3 + 4*m**2 + 109*m - 112. Give u(1).
35
Let x(i) = 750*i - 20268. What is x(27)?
-18
Let v(x) = -1207*x + 48